e 3*r + 46 = -k + 114, -15 = -3*r. What are the prime factors of k?
53
Let r(h) be the first derivative of -h**2 - h + 3. List the prime factors of r(-2).
3
Let s = 12 + -7. Suppose 0 = s*w + 8 - 83. What are the prime factors of w?
3, 5
Suppose 2*g - 16 = 4*b, -g + 2*b - b + 11 = 0. Let m = g + -8. List the prime factors of m.
2, 3
Suppose -370 = 20*u - 25*u. What are the prime factors of u?
2, 37
Let k(m) = m**3 + 7*m**2 + 6*m + 1. What are the prime factors of k(-5)?
3, 7
Suppose -2*t + 5*t = 45. Suppose 2*j + j - t = 0. List the prime factors of j.
5
Suppose i + 3*c - 2*c - 87 = 0, 0 = -i + 3*c + 83. What are the prime factors of i?
2, 43
List the prime factors of 6/(-66) - (-2784)/11.
11, 23
Suppose 5*g - 3*g + 8 = 0, 0 = 4*c - g - 16. What are the prime factors of c?
3
Let u be (2/5)/((-2)/(-10)). Suppose 2*t - 20 = -u*t. Let v = t - 3. List the prime factors of v.
2
Let v(g) = -g + 1. Let b be v(1). Suppose 2*h - 12 = -b*h. What are the prime factors of (h - 2)*1*2?
2
Suppose t = -3, 27 = -5*y + 2*y - 3*t. Let o = 13 + y. List the prime factors of o.
7
Let p(s) be the second derivative of -s**5/4 + s**4/12 + s**3/6 - s**2 - s. Let o be p(-2). Let b = o - 21. What are the prime factors of b?
19
Let k(i) = 4*i - 1. Let l(d) = -d**3 - 2*d**2 + 3*d + 1. Let r = -5 + 2. Let g be l(r). List the prime factors of k(g).
3
What are the prime factors of (-2)/1*6/(-3)?
2
Let a be 2 + (-2 - -4) + 14. Suppose h = -4*l + 10, -2*h - 27 = -5*l + a. List the prime factors of 2/(-6 + 2)*h.
5
Suppose 3*t - 14 = 4. List the prime factors of t/18*(74 - -1).
5
Let v(z) = z**3 + 4*z**2 + 2*z + 1. Suppose 25 = 3*h + f, 2*f + 45 - 7 = 5*h. Suppose -1 = 3*k + h. What are the prime factors of v(k)?
2
Let r(c) = -c**2 - 8*c + 8. Let a be r(-8). Suppose -z + 0*b = -b + 8, 4*b = -a. List the prime factors of z*(-1 + 0/2).
2, 5
Suppose -2*b = 2*h - 4, -3 = 3*h - b + 7. List the prime factors of (-1 - h)/(1/9).
3
Let h be 14 + (-6 + 0)/3. Let t be -2 + 1 + h/2. Let p(a) = a**2 - 4*a. What are the prime factors of p(t)?
5
Let o(b) = -b + 9. Let q(l) = -l + 1. Let x be q(-2). Suppose -i = -x*n + 3 - 23, 3*i = 2*n + 4. List the prime factors of o(n).
17
Let y(f) = f**3 - f + 420. List the prime factors of y(0).
2, 3, 5, 7
Let j(n) = n**3 - 2*n**2 + n - 2. What are the prime factors of j(3)?
2, 5
Let q(u) = -u**3 + 9*u**2 + 3*u - 1. List the prime factors of q(4).
7, 13
Suppose -3*d + 4*k + 5 = 0, -2*k - 4 + 15 = 3*d. Let o be (1/2)/(d/(-42)). Let v = 10 + o. List the prime factors of v.
3
Suppose -5*l - d + 43 = 0, -36 = -3*l + 2*d - 5. List the prime factors of 3*15/l - 1.
2
Let f = 26 + -16. Let y(k) = -2*k**2 + 0*k - k + f*k**2. List the prime factors of y(1).
7
Suppose 3*o - 6 = 0, -4*n + 2*o + 2 = -2. Suppose -2*r = n*l - 72, 5*l + r - 2*r - 192 = 0. What are the prime factors of l?
2, 19
Suppose -4*i = 2*k - k + 8, -4*i - 12 = 0. Suppose -4*z + z - 2*u + 52 = 0, k*u = -4. List the prime factors of z.
2, 3
Let p(x) = x**3 + 12*x**2 - x + 4. Let d(g) = -g**3 + 8*g**2 - 3*g + 10. Let v be d(7). Let t be v/(-3) + (-4)/(-6). What are the prime factors of p(t)?
2
Suppose -2*k = n + 3, 5*k = 2*n - 36 + 6. List the prime factors of n.
5
Let v(y) = -y**3 + 7*y**2 + y - 3. Let m be v(7). Let x be (2/m - 1)*-2. Let h = 2 + x. What are the prime factors of h?
3
Suppose 5*i + 2*l + 2*l - 468 = 0, -5*i + 458 = -l. What are the prime factors of i?
2, 23
Suppose 11*t - 18*t + 2373 = 0. What are the prime factors of t?
3, 113
List the prime factors of 2/(-8) - 564/(-16).
5, 7
Let f(l) = 2*l**2 + 36*l + 8. What are the prime factors of f(-23)?
2, 7, 17
Let t(k) = 3*k**2 + k - 7. Let c(j) = 20 - 9*j**2 + j + 0*j - 3*j. Let b(p) = -4*c(p) - 11*t(p). List the prime factors of b(-2).
3, 5
Let a(w) = -w**2 - 7*w - 11. Let q be a(-5). Let h(p) = 10*p**2 + 3*p + 1 - 5*p - 2. List the prime factors of h(q).
11
Let g be (1*-2)/(-3 + 1). Suppose -5*j + g = -14. Suppose j*x - 28 = -x. What are the prime factors of x?
7
Let m = -111 + 214. What are the prime factors of m?
103
Let f(r) = 25*r**2 + 7*r - 15. What are the prime factors of f(2)?
3, 11
Let y = 3 + -1. Let r(v) = 4*v - 12. Let c be r(9). What are the prime factors of c*(y - 9/6)?
2, 3
Let o = -2 + 1. List the prime factors of 0 + 14 - (-2)/o.
2, 3
Let n be (-256)/(-14) - 2/7. Suppose 2*o - n = -2*c, -2*o + o + 9 = 4*c. What are the prime factors of o?
3
What are the prime factors of (228/9)/((-6)/(-9))?
2, 19
Let i be -4 - -1 - (-4 - 1). Suppose 8 = q - 3*d, d + 18 + 8 = i*q. What are the prime factors of q?
2, 7
Let v(p) = p**3 - 5*p**2 + 2*p - 2. Let y(x) = x**2 - 3*x - 2. Let k be y(3). Let i be (-51)/(-9) - k/(-3). List the prime factors of v(i).
2
Suppose 4*a - 9 = t, 0*t + 8 = 2*a - 4*t. Let k = 7 - a. List the prime factors of k.
5
Let b(w) = w**2 - w - 9. What are the prime factors of b(6)?
3, 7
Let m(s) = s**3 + 6*s**2 + 4*s - 5. Let i be m(-5). Suppose i = -4*r - 7 + 23. List the prime factors of r.
2
Let w = 41 + -2. What are the prime factors of w?
3, 13
Suppose -15 = -2*h - h. Suppose -h*k - 90 = -5*y + 50, y - 5*k - 28 = 0. What are the prime factors of y?
2, 7
Suppose 0 = -3*j - j + 404. Suppose 3*s - j = 22. List the prime factors of s.
41
Suppose 0*u = -4*u + 12. Suppose 0 = -u*o - 4*g + 2, 8 = 5*o + 3*g - g. What are the prime factors of o?
2
Let z = 92 - -34. List the prime factors of z.
2, 3, 7
Let o(d) = 2*d**2 + 13*d - 2. List the prime factors of o(-9).
43
What are the prime factors of 2 + (5072/18 - (-18)/81)?
2, 71
What are the prime factors of 215 + 2/(-13) + 11/(-13)?
2, 107
List the prime factors of (-145)/(-60)*9*8/3.
2, 29
Let o(d) = -23*d**3 - d**2 - 4*d - 3. What are the prime factors of o(-1)?
23
Let c(f) be the third derivative of -f**5/60 - 3*f**4/8 - 2*f**2. What are the prime factors of c(-6)?
2, 3
Let m = -275 - -479. What are the prime factors of m?
2, 3, 17
Let h = -120 - -168. List the prime factors of h.
2, 3
Let t = -118 - -254. What are the prime factors of t?
2, 17
Let r = -23 + 135. List the prime factors of r.
2, 7
Let u(p) be the first derivative of 2*p**4 - p**3/3 - p**2/2 + p + 13. Suppose -4*f - 1 + 5 = 0. What are the prime factors of u(f)?
7
Let w = 22 - -4. What are the prime factors of w?
2, 13
Let k(r) = 2*r**2 + 4*r + 3. Let g be k(9). Let u be (5/1)/(1/(-3)). What are the prime factors of (-2)/5 - g/u?
13
Let q be (1 + 2)/(6/(-340)). Let x be 1/(-4) - q/8. Suppose -4*m = -3*o - 40, -29 - x = -5*m + 3*o. List the prime factors of m.
2, 5
Suppose w = 3*w - 162. List the prime factors of w.
3
Let t be -2*2 - (0 - 1). Let n = 2 - 13. Let o = t - n. List the prime factors of o.
2
Let s be 3/9 - 122/(-3). Suppose 4*y - 3*z - s = 0, 0 = -3*y - z + 37 + 10. List the prime factors of y.
2, 7
Let v be (-2)/2*-1*10. Suppose -z - 6*z + 14 = 0. Suppose -h - v = -w, 0 = -w + z*h - 6 + 16. List the prime factors of w.
2, 5
Let k = -1 + -2. Let f = -4 + k. Let n = -2 - f. List the prime factors of n.
5
Let h be (0 + -3 - -3) + -3. Let a(t) = -t**3 - t**2 + 2*t - 1. List the prime factors of a(h).
11
Suppose -14 = 2*n + 3*o - 61, 5*n + 5*o = 130. Suppose -3*z + 2*j = -13 - n, 5*z + 3*j = 48. List the prime factors of z.
2, 3
Let s = 0 - -4. Suppose -36 = s*q - q. What are the prime factors of (-9)/(-6)*(-112)/q?
2, 7
Let s be (3 - 2) + (-3)/3. Suppose s = -6*p + p + 25. List the prime factors of p.
5
Suppose -3*x + 2*l = 10, 4*l = -2*x - 2*x + 20. Let t be (x + 1)/(2/144). Suppose -2*j + t = 2*j. List the prime factors of j.
2, 3
List the prime factors of 6*(1 - (-2 + 2)).
2, 3
Suppose -4 = 4*f - 6*k + 3*k, 4 = -k. Let x = -4 - f. Suppose x = 4*o - 5*o + 12. What are the prime factors of o?
2, 3
Let r = 7 - -41. What are the prime factors of r?
2, 3
Let a be 1 + (-1)/((-2)/(-2)). Suppose -j = -a*j - 2. Suppose j*g = -2*g + 40. What are the prime factors of g?
2, 5
Suppose 0 = 3*c - 4*c + 12. What are the prime factors of c?
2, 3
Let l be 4/(-12)*(1 + -1). List the prime factors of 3/(l - 1) - -38.
5, 7
Suppose 0 = -4*h + 54 - 2. What are the prime factors of 47 + 1 + (9 - h)?
2, 11
Suppose 0 = -2*h + 6*h - 3*t, h + 2*t = -11. List the prime factors of -3 - 42/9*h.
11
Let i = 117 + -82. List the prime factors of i.
5, 7
List the prime factors of (-4 - 9/(-3)*1)*-23.
23
Let u be -6*((-20)/3 